usands digit of 182369377?
9
What is the ten millions digit of 43027047?
4
What is the hundred thousands digit of 765351932?
3
What is the millions digit of 46467063?
6
What is the hundreds digit of 161651799?
7
What is the hundred thousands digit of 71162648?
1
What is the tens digit of 51670802?
0
What is the tens digit of 2425995572?
7
What is the tens digit of 1860657881?
8
What is the millions digit of 88020491?
8
What is the tens digit of 673778920?
2
What is the ten thousands digit of 198798114?
9
What is the ten millions digit of 8458215897?
5
What is the hundreds digit of 87757137?
1
What is the thousands digit of 11275271?
5
What is the ten thousands digit of 385502096?
0
What is the hundred millions digit of 1050708624?
0
What is the hundred millions digit of 3073775875?
0
What is the hundred thousands digit of 141299110?
2
What is the hundred thousands digit of 205401928?
4
What is the hundreds digit of 35954147?
1
What is the ten thousands digit of 33444637?
4
What is the ten thousands digit of 515896844?
9
What is the tens digit of 2158010380?
8
What is the thousands digit of 144562506?
2
What is the billions digit of 1665311189?
1
What is the ten millions digit of 529585852?
2
What is the ten millions digit of 45791462?
4
What is the tens digit of 194186758?
5
What is the millions digit of 153080330?
3
What is the ten thousands digit of 115675644?
7
What is the millions digit of 5545845?
5
What is the hundred millions digit of 801496341?
8
What is the tens digit of 5338200333?
3
What is the ten thousands digit of 4909521?
0
What is the hundred millions digit of 740802470?
7
What is the units digit of 86108797?
7
What is the ten thousands digit of 2471658518?
5
What is the units digit of 7835540860?
0
What is the hundred millions digit of 1010516153?
0
What is the ten millions digit of 2559385860?
5
What is the units digit of 171371867?
7
What is the tens digit of 523410044?
4
What is the hundreds digit of 923489214?
2
What is the thousands digit of 259262477?
2
What is the units digit of 996821021?
1
What is the hundred thousands digit of 63343486?
3
What is the millions digit of 77207974?
7
What is the hundreds digit of 1209489070?
0
What is the thousands digit of 380717348?
7
What is the thousands digit of 2948117400?
7
What is the tens digit of 40648317?
1
What is the millions digit of 309115386?
9
What is the hundred thousands digit of 382465971?
4
What is the ten millions digit of 26061930?
2
What is the tens digit of 121656866?
6
What is the tens digit of 247335502?
0
What is the billions digit of 1073822126?
1
What is the hundred thousands digit of 108781157?
7
What is the millions digit of 25214489?
5
What is the tens digit of 68496993?
9
What is the hundred millions digit of 2733275270?
7
What is the ten millions digit of 19035965?
1
What is the millions digit of 431708482?
1
What is the hundred thousands digit of 121329064?
3
What is the tens digit of 174712632?
3
What is the ten thousands digit of 1258762917?
6
What is the millions digit of 111761770?
1
What is the tens digit of 216358808?
0
What is the hundred millions digit of 900764718?
9
What is the units digit of 5263768205?
5
What is the hundreds digit of 23652235?
2
What is the thousands digit of 2027886736?
6
What is the thousands digit of 16265752?
5
What is the thousands digit of 331703416?
3
What is the tens digit of 2692071298?
9
What is the hundred millions digit of 3729251588?
7
What is the units digit of 2697975176?
6
What is the ten thousands digit of 1586054?
8
What is the ten thousands digit of 730649?
3
What is the thousands digit of 175805623?
5
What is the millions digit of 542994179?
2
What is the thousands digit of 310966488?
6
What is the tens digit of 404718708?
0
What is the hundred thousands digit of 2350793055?
7
What is the ten millions digit of 112574532?
1
What is the units digit of 96266089?
9
What is the thousands digit of 34767260?
7
What is the tens digit of 1247707998?
9
What is the thousands digit of 21793554?
3
What is the thousands digit of 682843663?
3
What is the tens digit of 7025109?
0
What is the millions digit of 70983229?
0
What is the billions digit of 5538164509?
5
What is the millions digit of 679894680?
9
What is the millions digit of 1184007382?
4
What is the ten millions digit of 37484771?
3
What is the ten thousands digit of 344941859?
4
What is the tens digit of 1779888823?
2
What is the millions digit of 1241785977?
1
What is the hundred thousands digit of 31069648?
0
What is the hundred millions digit of 244855892?
2
What is the millions digit of 53583778?
3
What is the thousands digit of 3941019?
1
What is the units digit of 57870708?
8
What is the tens digit of 7280310941?
4
What is the hundred millions digit of 272988774?
2
What is the ten millions digit of 50382230?
5
What is the hundreds digit of 224361683?
6
What is the ten millions digit of 2019725162?
1
What is the tens digit of 250121963?
6
What is the tens digit of 480233274?
7
What is the ten thousands digit of 7471701420?
0
What is the hundred millions digit of 122469778?
1
What is the thousands digit of 74566198?
6
What is the ten thousands digit of 1536610243?
1
What is the millions digit of 194645163?
4
What is the millions digit of 91593131?
1
What is the thousands digit of 13988418?
8
What is the units digit of 152054156?
6
What is the millions digit of 137726583?
7
What is the millions digit of 86924524?
6
What is the hundred thousands digit of 1049590302?
5
What is the hundred thousands digit of 11483222?
4
What is the hundreds digit of 261052445?
4
What is the hundreds digit of 269123482?
4
What is the hundreds digit of 950968225?
2
What is the units digit of 164116692?
2
What is the millions digit of 165523730?
5
What is the thousands digit of 153960488?
0
What is the thousands digit of 990702212?
2
What is the tens digit of 1500876713?
1
What is the hundreds digit of 67961247?
2
What is the millions digit of 29631835?
9
What is the ten millions digit of 1696406277?
9
What is the ten millions digit of 116954320?
1
What is the hundreds digit of 4945867060?
0
What is the ten millions digit of 3800711715?
0
What is the billions digit of 1540428243?
1
What is the millions digit of 1048060300?
8
What is the ten millions digit of 5681868751?
8
What is the hundred thousands digit of 216595222?
5
What is the hundred thousands digit of 43086994?
0
What is the billions digit of 1951788231?
1
What is the ten millions digit of 221237160?
2
What is the hundred millions digit of 119008467?
1
What is the ten millions digit of 115720155?
1
What is the tens digit of 6403859?
5
What is the hundred millions digit of 253088889?
2
What is the thousands digit of 13514590?
4
What is the units digit of 13219113?
3
What is the millions digit of 1229276771?
9
What is the hundred thousands digit of 9625320?
6
What is the units digit of 112173003?
3
What is the tens digit of 68528020?
2
What is the ten millions digit of 246208899?
4
What is the hundred thousands digit of 908865779?
8
What is the hundreds digit of 5746329155?
1
What is the thousands digit of 40803802?
3
What is the hundred thousands digit of 144559416?
5
What is the hundred millions digit of 1722124150?
7
What is the hundred thousands digit of 1898389204?
3
What is the hundred thousands digit of 211700480?
7
What is the thousands digit of 1506021138?
1
What is the ten millions digit of 628932342?
2
What is the units digit of 23235822?
2
What is the ten thousands digit of 849840830?
4
What is the thousands digit of 3661269?
1
What is the millions digit of 4055875644?
5
What is the hundred millions digit of 244258165?
2
What is the tens digit of 76210921?
2
What is the hundred thousands digit of 12589890?
5
What is the units digit of 93984324?
4
What is the ten millions digit of 35391846?
3
What is the tens digit of 423263234?
3
What is the thousands digit of 41952206?
2
What is the thousands digit of 3363045270?
5
What is the hundreds digit of 621784678?
6
What is the tens digit of 275271843?
4
What is the ten millions digit of 8021754946?
2
What is the millions digit of 359619873?
9
What is the thousands digit of 28342434?
2
What is the tens digit of 46338062?
6
What is the ten thousands digit of 16